{"id":45172,"date":"2017-06-26T09:25:25","date_gmt":"2017-06-26T07:25:25","guid":{"rendered":"https:\/\/ofabskara.se\/produkt\/fodertrag-660-mm\/"},"modified":"2017-06-26T09:25:25","modified_gmt":"2017-06-26T07:25:25","slug":"fodertrag-660-mm","status":"publish","type":"product","link":"https:\/\/ofabskara.se\/no\/produkt\/fodertrag-660-mm\/","title":{"rendered":"H\u00f6h\u00e4ck mini"},"content":{"rendered":"<p>Fodertr\u00e5g f\u00f6r montering p\u00e5 grind. Varmgalvaniserad. L\u00e4ngd 660 mm, bredd 430 mm, h\u00f6jd 500 mm, bredd nertill 170 mm.<\/p>\n","protected":false},"excerpt":{"rendered":"<p>Fodertr\u00e5g f\u00f6r montering p\u00e5 grind, mycket kraftigt utf\u00f6rande.<\/p>\n","protected":false},"featured_media":8603,"comment_status":"closed","ping_status":"closed","template":"","meta":{"_acf_changed":false,"inline_featured_image":false},"product_brand":[],"product_cat":[3087,3580,3017,3103,3006,3018,3536],"product_tag":[],"class_list":{"0":"post-45172","1":"product","2":"type-product","3":"status-publish","4":"has-post-thumbnail","6":"product_cat-far-getter","7":"product_cat-foderhack-for-far-o-getter","8":"product_cat-foderhackar","9":"product_cat-kalvboxar-med-tillbehor","10":"product_cat-notdjur","11":"product_cat-oppna-foderhackar-foderhackar-oppna-och-med-tak","12":"product_cat-ovriga-trag-fodertrag-for-notdjur","13":"pa_bredd-430-mm","14":"pa_hojd-500-mm","15":"pa_langd-660-mm","17":"first","18":"outofstock","19":"taxable","20":"shipping-taxable","21":"purchasable","22":"product-type-simple"},"acf":[],"yoast_head":"<!-- This site is optimized with the Yoast SEO plugin v24.4 - https:\/\/yoast.com\/wordpress\/plugins\/seo\/ -->\n<title>H\u00f6h\u00e4ck mini - Ofab<\/title>\n<meta name=\"robots\" content=\"index, follow, max-snippet:-1, max-image-preview:large, max-video-preview:-1\" \/>\n<link rel=\"canonical\" href=\"https:\/\/ofabskara.se\/no\/produkt\/fodertrag-660-mm\/\" \/>\n<meta property=\"og:locale\" content=\"nb_NO\" \/>\n<meta property=\"og:type\" content=\"article\" \/>\n<meta property=\"og:title\" content=\"H\u00f6h\u00e4ck mini - Ofab\" \/>\n<meta property=\"og:description\" content=\"Fodertr\u00e5g f\u00f6r montering p\u00e5 grind, mycket kraftigt utf\u00f6rande.\" \/>\n<meta property=\"og:url\" content=\"https:\/\/ofabskara.se\/no\/produkt\/fodertrag-660-mm\/\" \/>\n<meta property=\"og:site_name\" content=\"Ofab\" \/>\n<meta name=\"twitter:card\" content=\"summary_large_image\" \/>\n<script type=\"application\/ld+json\" class=\"yoast-schema-graph\">{\"@context\":\"https:\/\/schema.org\",\"@graph\":[{\"@type\":\"WebPage\",\"@id\":\"https:\/\/ofabskara.se\/no\/produkt\/fodertrag-660-mm\/\",\"url\":\"https:\/\/ofabskara.se\/no\/produkt\/fodertrag-660-mm\/\",\"name\":\"H\u00f6h\u00e4ck mini - Ofab\",\"isPartOf\":{\"@id\":\"https:\/\/ofabskara.se\/sv\/#website\"},\"primaryImageOfPage\":{\"@id\":\"https:\/\/ofabskara.se\/no\/produkt\/fodertrag-660-mm\/#primaryimage\"},\"image\":{\"@id\":\"https:\/\/ofabskara.se\/no\/produkt\/fodertrag-660-mm\/#primaryimage\"},\"thumbnailUrl\":\"https:\/\/ofabskara.se\/wp-content\/uploads\/2023\/09\/RA0721-2.jpg\",\"datePublished\":\"2017-06-26T07:25:25+00:00\",\"breadcrumb\":{\"@id\":\"https:\/\/ofabskara.se\/no\/produkt\/fodertrag-660-mm\/#breadcrumb\"},\"inLanguage\":\"nb-NO\",\"potentialAction\":[{\"@type\":\"ReadAction\",\"target\":[\"https:\/\/ofabskara.se\/no\/produkt\/fodertrag-660-mm\/\"]}]},{\"@type\":\"ImageObject\",\"inLanguage\":\"nb-NO\",\"@id\":\"https:\/\/ofabskara.se\/no\/produkt\/fodertrag-660-mm\/#primaryimage\",\"url\":\"https:\/\/ofabskara.se\/wp-content\/uploads\/2023\/09\/RA0721-2.jpg\",\"contentUrl\":\"https:\/\/ofabskara.se\/wp-content\/uploads\/2023\/09\/RA0721-2.jpg\",\"width\":1126,\"height\":796},{\"@type\":\"BreadcrumbList\",\"@id\":\"https:\/\/ofabskara.se\/no\/produkt\/fodertrag-660-mm\/#breadcrumb\",\"itemListElement\":[{\"@type\":\"ListItem\",\"position\":1,\"name\":\"Home\",\"item\":\"https:\/\/ofabskara.se\/no\/\"},{\"@type\":\"ListItem\",\"position\":2,\"name\":\"Butik\",\"item\":\"https:\/\/ofabskara.se\/sv\/butik\/\"},{\"@type\":\"ListItem\",\"position\":3,\"name\":\"H\u00f6h\u00e4ck mini\"}]},{\"@type\":\"WebSite\",\"@id\":\"https:\/\/ofabskara.se\/sv\/#website\",\"url\":\"https:\/\/ofabskara.se\/sv\/\",\"name\":\"Ofab\",\"description\":\"\",\"potentialAction\":[{\"@type\":\"SearchAction\",\"target\":{\"@type\":\"EntryPoint\",\"urlTemplate\":\"https:\/\/ofabskara.se\/sv\/?s={search_term_string}\"},\"query-input\":{\"@type\":\"PropertyValueSpecification\",\"valueRequired\":true,\"valueName\":\"search_term_string\"}}],\"inLanguage\":\"nb-NO\"}]}<\/script>\n<!-- \/ Yoast SEO plugin. -->","yoast_head_json":{"title":"H\u00f6h\u00e4ck mini - Ofab","robots":{"index":"index","follow":"follow","max-snippet":"max-snippet:-1","max-image-preview":"max-image-preview:large","max-video-preview":"max-video-preview:-1"},"canonical":"https:\/\/ofabskara.se\/no\/produkt\/fodertrag-660-mm\/","og_locale":"nb_NO","og_type":"article","og_title":"H\u00f6h\u00e4ck mini - Ofab","og_description":"Fodertr\u00e5g f\u00f6r montering p\u00e5 grind, mycket kraftigt utf\u00f6rande.","og_url":"https:\/\/ofabskara.se\/no\/produkt\/fodertrag-660-mm\/","og_site_name":"Ofab","twitter_card":"summary_large_image","schema":{"@context":"https:\/\/schema.org","@graph":[{"@type":"WebPage","@id":"https:\/\/ofabskara.se\/no\/produkt\/fodertrag-660-mm\/","url":"https:\/\/ofabskara.se\/no\/produkt\/fodertrag-660-mm\/","name":"H\u00f6h\u00e4ck mini - Ofab","isPartOf":{"@id":"https:\/\/ofabskara.se\/sv\/#website"},"primaryImageOfPage":{"@id":"https:\/\/ofabskara.se\/no\/produkt\/fodertrag-660-mm\/#primaryimage"},"image":{"@id":"https:\/\/ofabskara.se\/no\/produkt\/fodertrag-660-mm\/#primaryimage"},"thumbnailUrl":"https:\/\/ofabskara.se\/wp-content\/uploads\/2023\/09\/RA0721-2.jpg","datePublished":"2017-06-26T07:25:25+00:00","breadcrumb":{"@id":"https:\/\/ofabskara.se\/no\/produkt\/fodertrag-660-mm\/#breadcrumb"},"inLanguage":"nb-NO","potentialAction":[{"@type":"ReadAction","target":["https:\/\/ofabskara.se\/no\/produkt\/fodertrag-660-mm\/"]}]},{"@type":"ImageObject","inLanguage":"nb-NO","@id":"https:\/\/ofabskara.se\/no\/produkt\/fodertrag-660-mm\/#primaryimage","url":"https:\/\/ofabskara.se\/wp-content\/uploads\/2023\/09\/RA0721-2.jpg","contentUrl":"https:\/\/ofabskara.se\/wp-content\/uploads\/2023\/09\/RA0721-2.jpg","width":1126,"height":796},{"@type":"BreadcrumbList","@id":"https:\/\/ofabskara.se\/no\/produkt\/fodertrag-660-mm\/#breadcrumb","itemListElement":[{"@type":"ListItem","position":1,"name":"Home","item":"https:\/\/ofabskara.se\/no\/"},{"@type":"ListItem","position":2,"name":"Butik","item":"https:\/\/ofabskara.se\/sv\/butik\/"},{"@type":"ListItem","position":3,"name":"H\u00f6h\u00e4ck mini"}]},{"@type":"WebSite","@id":"https:\/\/ofabskara.se\/sv\/#website","url":"https:\/\/ofabskara.se\/sv\/","name":"Ofab","description":"","potentialAction":[{"@type":"SearchAction","target":{"@type":"EntryPoint","urlTemplate":"https:\/\/ofabskara.se\/sv\/?s={search_term_string}"},"query-input":{"@type":"PropertyValueSpecification","valueRequired":true,"valueName":"search_term_string"}}],"inLanguage":"nb-NO"}]}},"_links":{"self":[{"href":"https:\/\/ofabskara.se\/no\/wp-json\/wp\/v2\/product\/45172","targetHints":{"allow":["GET"]}}],"collection":[{"href":"https:\/\/ofabskara.se\/no\/wp-json\/wp\/v2\/product"}],"about":[{"href":"https:\/\/ofabskara.se\/no\/wp-json\/wp\/v2\/types\/product"}],"replies":[{"embeddable":true,"href":"https:\/\/ofabskara.se\/no\/wp-json\/wp\/v2\/comments?post=45172"}],"wp:featuredmedia":[{"embeddable":true,"href":"https:\/\/ofabskara.se\/no\/wp-json\/wp\/v2\/media\/8603"}],"wp:attachment":[{"href":"https:\/\/ofabskara.se\/no\/wp-json\/wp\/v2\/media?parent=45172"}],"wp:term":[{"taxonomy":"product_brand","embeddable":true,"href":"https:\/\/ofabskara.se\/no\/wp-json\/wp\/v2\/product_brand?post=45172"},{"taxonomy":"product_cat","embeddable":true,"href":"https:\/\/ofabskara.se\/no\/wp-json\/wp\/v2\/product_cat?post=45172"},{"taxonomy":"product_tag","embeddable":true,"href":"https:\/\/ofabskara.se\/no\/wp-json\/wp\/v2\/product_tag?post=45172"}],"curies":[{"name":"wp","href":"https:\/\/api.w.org\/{rel}","templated":true}]}}

Höhäck mini

<p>Fodertråg för montering på grind. Varmgalvaniserad. Längd 660 mm, bredd 430 mm, höjd 500 mm, bredd nertill 170 mm.</p>

<p>Fodertråg för montering på grind, mycket kraftigt utförande.</p>

<!-- This site is optimized with the Yoast SEO plugin v24.4 - https://yoast.com/wordpress/plugins/seo/ -->
<title>Höhäck mini - Ofab</title>
<meta name="robots" content="index, follow, max-snippet:-1, max-image-preview:large, max-video-preview:-1" />
<link rel="canonical" href="https://ofabskara.se/no/produkt/fodertrag-660-mm/" />
<meta property="og:locale" content="nb_NO" />
<meta property="og:type" content="article" />
<meta property="og:title" content="Höhäck mini - Ofab" />
<meta property="og:description" content="Fodertråg för montering på grind, mycket kraftigt utförande." />
<meta property="og:url" content="https://ofabskara.se/no/produkt/fodertrag-660-mm/" />
<meta property="og:site_name" content="Ofab" />
<meta name="twitter:card" content="summary_large_image" />
<script type="application/ld+json" class="yoast-schema-graph">{"@context":"https://schema.org","@graph":[{"@type":"WebPage","@id":"https://ofabskara.se/no/produkt/fodertrag-660-mm/","url":"https://ofabskara.se/no/produkt/fodertrag-660-mm/","name":"Höhäck mini - Ofab","isPartOf":{"@id":"https://ofabskara.se/sv/#website"},"primaryImageOfPage":{"@id":"https://ofabskara.se/no/produkt/fodertrag-660-mm/#primaryimage"},"image":{"@id":"https://ofabskara.se/no/produkt/fodertrag-660-mm/#primaryimage"},"thumbnailUrl":"https://ofabskara.se/wp-content/uploads/2023/09/RA0721-2.jpg","datePublished":"2017-06-26T07:25:25+00:00","breadcrumb":{"@id":"https://ofabskara.se/no/produkt/fodertrag-660-mm/#breadcrumb"},"inLanguage":"nb-NO","potentialAction":[{"@type":"ReadAction","target":["https://ofabskara.se/no/produkt/fodertrag-660-mm/"]}]},{"@type":"ImageObject","inLanguage":"nb-NO","@id":"https://ofabskara.se/no/produkt/fodertrag-660-mm/#primaryimage","url":"https://ofabskara.se/wp-content/uploads/2023/09/RA0721-2.jpg","contentUrl":"https://ofabskara.se/wp-content/uploads/2023/09/RA0721-2.jpg","width":1126,"height":796},{"@type":"BreadcrumbList","@id":"https://ofabskara.se/no/produkt/fodertrag-660-mm/#breadcrumb","itemListElement":[{"@type":"ListItem","position":1,"name":"Home","item":"https://ofabskara.se/no/"},{"@type":"ListItem","position":2,"name":"Butik","item":"https://ofabskara.se/sv/butik/"},{"@type":"ListItem","position":3,"name":"Höhäck mini"}]},{"@type":"WebSite","@id":"https://ofabskara.se/sv/#website","url":"https://ofabskara.se/sv/","name":"Ofab","description":"","potentialAction":[{"@type":"SearchAction","target":{"@type":"EntryPoint","urlTemplate":"https://ofabskara.se/sv/?s={search_term_string}"},"query-input":{"@type":"PropertyValueSpecification","valueRequired":true,"valueName":"search_term_string"}}],"inLanguage":"nb-NO"}]}</script>
<!-- / Yoast SEO plugin. -->

Höhäck mini - Ofab

Fodertråg för montering på grind, mycket kraftigt utförande.
