{"id":45440,"date":"2017-05-16T08:51:17","date_gmt":"2017-05-16T06:51:17","guid":{"rendered":"https:\/\/ofabskara.se\/produkt\/minipanel\/"},"modified":"2017-05-16T08:51:17","modified_gmt":"2017-05-16T06:51:17","slug":"minipanel","status":"publish","type":"product","link":"https:\/\/ofabskara.se\/no\/produkt\/minipanel\/","title":{"rendered":"Minipanel 183 cm med d\u00f6rr"},"content":{"rendered":"","protected":false},"excerpt":{"rendered":"<p>F\u00f6r snabbt montage av f\u00e5rhagar. Fungerar \u00e4ven p\u00e5 oj\u00e4mna underlag. Verktyg beh\u00f6vs ej. Minipanelerna g\u00e5r utm\u00e4rkt att anv\u00e4nda vid f\u00e5ngsf\u00e5llor och avdelningar av stall. K\u00e4ttingl\u00e5sning, snabbt och enkelt. Mycket kraftiga paneler (se vikten). L\u00e4ngd 183cm, H\u00f6jd 110cmm vikt 27kg<\/p>\n","protected":false},"featured_media":6380,"comment_status":"closed","ping_status":"closed","template":"","meta":{"_acf_changed":false,"inline_featured_image":false},"product_brand":[],"product_cat":[3087,3005,3006],"product_tag":[],"class_list":{"0":"post-45440","1":"product","2":"type-product","3":"status-publish","4":"has-post-thumbnail","6":"product_cat-far-getter","7":"product_cat-mobila-grindsystem-behandling-fangstfalla-notdjur","8":"product_cat-notdjur","9":"pa_hoje-110-cm","10":"pa_langd-183-cm","12":"first","13":"outofstock","14":"taxable","15":"shipping-taxable","16":"purchasable","17":"product-type-simple"},"acf":[],"yoast_head":"<!-- This site is optimized with the Yoast SEO plugin v24.4 - https:\/\/yoast.com\/wordpress\/plugins\/seo\/ -->\n<title>Minipanel 183 cm med d\u00f6rr - Ofab<\/title>\n<meta name=\"robots\" content=\"index, follow, max-snippet:-1, max-image-preview:large, max-video-preview:-1\" \/>\n<link rel=\"canonical\" href=\"https:\/\/ofabskara.se\/no\/produkt\/minipanel\/\" \/>\n<meta property=\"og:locale\" content=\"nb_NO\" \/>\n<meta property=\"og:type\" content=\"article\" \/>\n<meta property=\"og:title\" content=\"Minipanel 183 cm med d\u00f6rr - Ofab\" \/>\n<meta property=\"og:description\" content=\"F\u00f6r snabbt montage av f\u00e5rhagar. Fungerar \u00e4ven p\u00e5 oj\u00e4mna underlag. Verktyg beh\u00f6vs ej. Minipanelerna g\u00e5r utm\u00e4rkt att anv\u00e4nda vid f\u00e5ngsf\u00e5llor och avdelningar av stall. K\u00e4ttingl\u00e5sning, snabbt och enkelt. Mycket kraftiga paneler (se vikten). L\u00e4ngd 183cm, H\u00f6jd 110cmm vikt 27kg\" \/>\n<meta property=\"og:url\" content=\"https:\/\/ofabskara.se\/no\/produkt\/minipanel\/\" \/>\n<meta property=\"og:site_name\" content=\"Ofab\" \/>\n<meta name=\"twitter:card\" content=\"summary_large_image\" \/>\n<script type=\"application\/ld+json\" class=\"yoast-schema-graph\">{\"@context\":\"https:\/\/schema.org\",\"@graph\":[{\"@type\":\"WebPage\",\"@id\":\"https:\/\/ofabskara.se\/no\/produkt\/minipanel\/\",\"url\":\"https:\/\/ofabskara.se\/no\/produkt\/minipanel\/\",\"name\":\"Minipanel 183 cm med d\u00f6rr - Ofab\",\"isPartOf\":{\"@id\":\"https:\/\/ofabskara.se\/sv\/#website\"},\"primaryImageOfPage\":{\"@id\":\"https:\/\/ofabskara.se\/no\/produkt\/minipanel\/#primaryimage\"},\"image\":{\"@id\":\"https:\/\/ofabskara.se\/no\/produkt\/minipanel\/#primaryimage\"},\"thumbnailUrl\":\"https:\/\/ofabskara.se\/wp-content\/uploads\/2023\/09\/370211.jpg\",\"datePublished\":\"2017-05-16T06:51:17+00:00\",\"breadcrumb\":{\"@id\":\"https:\/\/ofabskara.se\/no\/produkt\/minipanel\/#breadcrumb\"},\"inLanguage\":\"nb-NO\",\"potentialAction\":[{\"@type\":\"ReadAction\",\"target\":[\"https:\/\/ofabskara.se\/no\/produkt\/minipanel\/\"]}]},{\"@type\":\"ImageObject\",\"inLanguage\":\"nb-NO\",\"@id\":\"https:\/\/ofabskara.se\/no\/produkt\/minipanel\/#primaryimage\",\"url\":\"https:\/\/ofabskara.se\/wp-content\/uploads\/2023\/09\/370211.jpg\",\"contentUrl\":\"https:\/\/ofabskara.se\/wp-content\/uploads\/2023\/09\/370211.jpg\",\"width\":700,\"height\":700},{\"@type\":\"BreadcrumbList\",\"@id\":\"https:\/\/ofabskara.se\/no\/produkt\/minipanel\/#breadcrumb\",\"itemListElement\":[{\"@type\":\"ListItem\",\"position\":1,\"name\":\"Home\",\"item\":\"https:\/\/ofabskara.se\/no\/\"},{\"@type\":\"ListItem\",\"position\":2,\"name\":\"Butik\",\"item\":\"https:\/\/ofabskara.se\/sv\/butik\/\"},{\"@type\":\"ListItem\",\"position\":3,\"name\":\"Minipanel 183 cm med d\u00f6rr\"}]},{\"@type\":\"WebSite\",\"@id\":\"https:\/\/ofabskara.se\/sv\/#website\",\"url\":\"https:\/\/ofabskara.se\/sv\/\",\"name\":\"Ofab\",\"description\":\"\",\"potentialAction\":[{\"@type\":\"SearchAction\",\"target\":{\"@type\":\"EntryPoint\",\"urlTemplate\":\"https:\/\/ofabskara.se\/sv\/?s={search_term_string}\"},\"query-input\":{\"@type\":\"PropertyValueSpecification\",\"valueRequired\":true,\"valueName\":\"search_term_string\"}}],\"inLanguage\":\"nb-NO\"}]}<\/script>\n<!-- \/ Yoast SEO plugin. -->","yoast_head_json":{"title":"Minipanel 183 cm med d\u00f6rr - Ofab","robots":{"index":"index","follow":"follow","max-snippet":"max-snippet:-1","max-image-preview":"max-image-preview:large","max-video-preview":"max-video-preview:-1"},"canonical":"https:\/\/ofabskara.se\/no\/produkt\/minipanel\/","og_locale":"nb_NO","og_type":"article","og_title":"Minipanel 183 cm med d\u00f6rr - Ofab","og_description":"F\u00f6r snabbt montage av f\u00e5rhagar. Fungerar \u00e4ven p\u00e5 oj\u00e4mna underlag. Verktyg beh\u00f6vs ej. Minipanelerna g\u00e5r utm\u00e4rkt att anv\u00e4nda vid f\u00e5ngsf\u00e5llor och avdelningar av stall. K\u00e4ttingl\u00e5sning, snabbt och enkelt. Mycket kraftiga paneler (se vikten). L\u00e4ngd 183cm, H\u00f6jd 110cmm vikt 27kg","og_url":"https:\/\/ofabskara.se\/no\/produkt\/minipanel\/","og_site_name":"Ofab","twitter_card":"summary_large_image","schema":{"@context":"https:\/\/schema.org","@graph":[{"@type":"WebPage","@id":"https:\/\/ofabskara.se\/no\/produkt\/minipanel\/","url":"https:\/\/ofabskara.se\/no\/produkt\/minipanel\/","name":"Minipanel 183 cm med d\u00f6rr - Ofab","isPartOf":{"@id":"https:\/\/ofabskara.se\/sv\/#website"},"primaryImageOfPage":{"@id":"https:\/\/ofabskara.se\/no\/produkt\/minipanel\/#primaryimage"},"image":{"@id":"https:\/\/ofabskara.se\/no\/produkt\/minipanel\/#primaryimage"},"thumbnailUrl":"https:\/\/ofabskara.se\/wp-content\/uploads\/2023\/09\/370211.jpg","datePublished":"2017-05-16T06:51:17+00:00","breadcrumb":{"@id":"https:\/\/ofabskara.se\/no\/produkt\/minipanel\/#breadcrumb"},"inLanguage":"nb-NO","potentialAction":[{"@type":"ReadAction","target":["https:\/\/ofabskara.se\/no\/produkt\/minipanel\/"]}]},{"@type":"ImageObject","inLanguage":"nb-NO","@id":"https:\/\/ofabskara.se\/no\/produkt\/minipanel\/#primaryimage","url":"https:\/\/ofabskara.se\/wp-content\/uploads\/2023\/09\/370211.jpg","contentUrl":"https:\/\/ofabskara.se\/wp-content\/uploads\/2023\/09\/370211.jpg","width":700,"height":700},{"@type":"BreadcrumbList","@id":"https:\/\/ofabskara.se\/no\/produkt\/minipanel\/#breadcrumb","itemListElement":[{"@type":"ListItem","position":1,"name":"Home","item":"https:\/\/ofabskara.se\/no\/"},{"@type":"ListItem","position":2,"name":"Butik","item":"https:\/\/ofabskara.se\/sv\/butik\/"},{"@type":"ListItem","position":3,"name":"Minipanel 183 cm med d\u00f6rr"}]},{"@type":"WebSite","@id":"https:\/\/ofabskara.se\/sv\/#website","url":"https:\/\/ofabskara.se\/sv\/","name":"Ofab","description":"","potentialAction":[{"@type":"SearchAction","target":{"@type":"EntryPoint","urlTemplate":"https:\/\/ofabskara.se\/sv\/?s={search_term_string}"},"query-input":{"@type":"PropertyValueSpecification","valueRequired":true,"valueName":"search_term_string"}}],"inLanguage":"nb-NO"}]}},"_links":{"self":[{"href":"https:\/\/ofabskara.se\/no\/wp-json\/wp\/v2\/product\/45440","targetHints":{"allow":["GET"]}}],"collection":[{"href":"https:\/\/ofabskara.se\/no\/wp-json\/wp\/v2\/product"}],"about":[{"href":"https:\/\/ofabskara.se\/no\/wp-json\/wp\/v2\/types\/product"}],"replies":[{"embeddable":true,"href":"https:\/\/ofabskara.se\/no\/wp-json\/wp\/v2\/comments?post=45440"}],"wp:featuredmedia":[{"embeddable":true,"href":"https:\/\/ofabskara.se\/no\/wp-json\/wp\/v2\/media\/6380"}],"wp:attachment":[{"href":"https:\/\/ofabskara.se\/no\/wp-json\/wp\/v2\/media?parent=45440"}],"wp:term":[{"taxonomy":"product_brand","embeddable":true,"href":"https:\/\/ofabskara.se\/no\/wp-json\/wp\/v2\/product_brand?post=45440"},{"taxonomy":"product_cat","embeddable":true,"href":"https:\/\/ofabskara.se\/no\/wp-json\/wp\/v2\/product_cat?post=45440"},{"taxonomy":"product_tag","embeddable":true,"href":"https:\/\/ofabskara.se\/no\/wp-json\/wp\/v2\/product_tag?post=45440"}],"curies":[{"name":"wp","href":"https:\/\/api.w.org\/{rel}","templated":true}]}}

Minipanel 183 cm med dörr

<p>För snabbt montage av fårhagar. Fungerar även på ojämna underlag. Verktyg behövs ej. Minipanelerna går utmärkt att använda vid fångsfållor och avdelningar av stall. Kättinglåsning, snabbt och enkelt. Mycket kraftiga paneler (se vikten). Längd 183cm, Höjd 110cmm vikt 27kg</p>

<!-- This site is optimized with the Yoast SEO plugin v24.4 - https://yoast.com/wordpress/plugins/seo/ -->
<title>Minipanel 183 cm med dörr - Ofab</title>
<meta name="robots" content="index, follow, max-snippet:-1, max-image-preview:large, max-video-preview:-1" />
<link rel="canonical" href="https://ofabskara.se/no/produkt/minipanel/" />
<meta property="og:locale" content="nb_NO" />
<meta property="og:type" content="article" />
<meta property="og:title" content="Minipanel 183 cm med dörr - Ofab" />
<meta property="og:description" content="För snabbt montage av fårhagar. Fungerar även på ojämna underlag. Verktyg behövs ej. Minipanelerna går utmärkt att använda vid fångsfållor och avdelningar av stall. Kättinglåsning, snabbt och enkelt. Mycket kraftiga paneler (se vikten). Längd 183cm, Höjd 110cmm vikt 27kg" />
<meta property="og:url" content="https://ofabskara.se/no/produkt/minipanel/" />
<meta property="og:site_name" content="Ofab" />
<meta name="twitter:card" content="summary_large_image" />
<script type="application/ld+json" class="yoast-schema-graph">{"@context":"https://schema.org","@graph":[{"@type":"WebPage","@id":"https://ofabskara.se/no/produkt/minipanel/","url":"https://ofabskara.se/no/produkt/minipanel/","name":"Minipanel 183 cm med dörr - Ofab","isPartOf":{"@id":"https://ofabskara.se/sv/#website"},"primaryImageOfPage":{"@id":"https://ofabskara.se/no/produkt/minipanel/#primaryimage"},"image":{"@id":"https://ofabskara.se/no/produkt/minipanel/#primaryimage"},"thumbnailUrl":"https://ofabskara.se/wp-content/uploads/2023/09/370211.jpg","datePublished":"2017-05-16T06:51:17+00:00","breadcrumb":{"@id":"https://ofabskara.se/no/produkt/minipanel/#breadcrumb"},"inLanguage":"nb-NO","potentialAction":[{"@type":"ReadAction","target":["https://ofabskara.se/no/produkt/minipanel/"]}]},{"@type":"ImageObject","inLanguage":"nb-NO","@id":"https://ofabskara.se/no/produkt/minipanel/#primaryimage","url":"https://ofabskara.se/wp-content/uploads/2023/09/370211.jpg","contentUrl":"https://ofabskara.se/wp-content/uploads/2023/09/370211.jpg","width":700,"height":700},{"@type":"BreadcrumbList","@id":"https://ofabskara.se/no/produkt/minipanel/#breadcrumb","itemListElement":[{"@type":"ListItem","position":1,"name":"Home","item":"https://ofabskara.se/no/"},{"@type":"ListItem","position":2,"name":"Butik","item":"https://ofabskara.se/sv/butik/"},{"@type":"ListItem","position":3,"name":"Minipanel 183 cm med dörr"}]},{"@type":"WebSite","@id":"https://ofabskara.se/sv/#website","url":"https://ofabskara.se/sv/","name":"Ofab","description":"","potentialAction":[{"@type":"SearchAction","target":{"@type":"EntryPoint","urlTemplate":"https://ofabskara.se/sv/?s={search_term_string}"},"query-input":{"@type":"PropertyValueSpecification","valueRequired":true,"valueName":"search_term_string"}}],"inLanguage":"nb-NO"}]}</script>
<!-- / Yoast SEO plugin. -->

Minipanel 183 cm med dörr - Ofab

För snabbt montage av fårhagar. Fungerar även på ojämna underlag. Verktyg behövs ej. Minipanelerna går utmärkt att använda vid fångsfållor och avdelningar av stall. Kättinglåsning, snabbt och enkelt. Mycket kraftiga paneler (se vikten). Längd 183cm, Höjd 110cmm vikt 27kg
