{"id":2170,"date":"2017-05-16T08:49:14","date_gmt":"2017-05-16T06:49:14","guid":{"rendered":"https:\/\/ofabskara.se\/produkt\/beslag-med-u-profil-dubbel\/"},"modified":"2026-04-27T16:00:23","modified_gmt":"2026-04-27T14:00:23","slug":"beslag-med-u-profil-dubbel","status":"publish","type":"product","link":"https:\/\/ofabskara.se\/sv\/produkt\/beslag-med-u-profil-dubbel\/","title":{"rendered":"Beslag U-profil dubbelt"},"content":{"rendered":"","protected":false},"excerpt":{"rendered":"<p>Beslag med U-Profil. H\u00f6jd 35cm, inv\u00e4ndigt 50mm. \u00d8102mm dubbelt, vikt 4,7kg.<\/p>\n","protected":false},"featured_media":2171,"comment_status":"closed","ping_status":"open","template":"","meta":{"_acf_changed":false,"inline_featured_image":false},"product_brand":[],"product_cat":[65,174,179,178],"product_tag":[],"class_list":{"0":"post-2170","1":"product","2":"type-product","3":"status-publish","4":"has-post-thumbnail","6":"product_cat-notdjur","7":"product_cat-stolpar-beslag-till-grindar-inredning-notdjur","8":"product_cat-stolpar-beslag-runda-102mm-notdjur","9":"product_cat-stolpar-beslag-oktogon-102mm-notdjur","10":"pa_hojd-35-cm","11":"pa_invandigt-50-mm","13":"first","14":"instock","15":"taxable","16":"shipping-taxable","17":"purchasable","18":"product-type-simple"},"acf":[],"yoast_head":"<!-- This site is optimized with the Yoast SEO plugin v24.4 - https:\/\/yoast.com\/wordpress\/plugins\/seo\/ -->\n<title>Beslag U-profil dubbelt - Ofab<\/title>\n<meta name=\"robots\" content=\"index, follow, max-snippet:-1, max-image-preview:large, max-video-preview:-1\" \/>\n<link rel=\"canonical\" href=\"https:\/\/ofabskara.se\/sv\/produkt\/beslag-med-u-profil-dubbel\/\" \/>\n<meta property=\"og:locale\" content=\"sv_SE\" \/>\n<meta property=\"og:type\" content=\"article\" \/>\n<meta property=\"og:title\" content=\"Beslag U-profil dubbelt - Ofab\" \/>\n<meta property=\"og:description\" content=\"Beslag med U-Profil. H\u00f6jd 35cm, inv\u00e4ndigt 50mm. \u00d8102mm dubbelt, vikt 4,7kg.\" \/>\n<meta property=\"og:url\" content=\"https:\/\/ofabskara.se\/sv\/produkt\/beslag-med-u-profil-dubbel\/\" \/>\n<meta property=\"og:site_name\" content=\"Ofab\" \/>\n<meta property=\"article:modified_time\" content=\"2026-04-27T14:00:23+00:00\" \/>\n<meta property=\"og:image\" content=\"https:\/\/ofabskara.se\/wp-content\/uploads\/2023\/09\/341212.jpg\" \/>\n\t<meta property=\"og:image:width\" content=\"500\" \/>\n\t<meta property=\"og:image:height\" content=\"500\" \/>\n\t<meta property=\"og:image:type\" content=\"image\/jpeg\" \/>\n<meta name=\"twitter:card\" content=\"summary_large_image\" \/>\n<script type=\"application\/ld+json\" class=\"yoast-schema-graph\">{\"@context\":\"https:\/\/schema.org\",\"@graph\":[{\"@type\":\"WebPage\",\"@id\":\"https:\/\/ofabskara.se\/sv\/produkt\/beslag-med-u-profil-dubbel\/\",\"url\":\"https:\/\/ofabskara.se\/sv\/produkt\/beslag-med-u-profil-dubbel\/\",\"name\":\"Beslag U-profil dubbelt - Ofab\",\"isPartOf\":{\"@id\":\"https:\/\/ofabskara.se\/sv\/#website\"},\"primaryImageOfPage\":{\"@id\":\"https:\/\/ofabskara.se\/sv\/produkt\/beslag-med-u-profil-dubbel\/#primaryimage\"},\"image\":{\"@id\":\"https:\/\/ofabskara.se\/sv\/produkt\/beslag-med-u-profil-dubbel\/#primaryimage\"},\"thumbnailUrl\":\"https:\/\/ofabskara.se\/wp-content\/uploads\/2023\/09\/341212.jpg\",\"datePublished\":\"2017-05-16T06:49:14+00:00\",\"dateModified\":\"2026-04-27T14:00:23+00:00\",\"breadcrumb\":{\"@id\":\"https:\/\/ofabskara.se\/sv\/produkt\/beslag-med-u-profil-dubbel\/#breadcrumb\"},\"inLanguage\":\"sv-SE\",\"potentialAction\":[{\"@type\":\"ReadAction\",\"target\":[\"https:\/\/ofabskara.se\/sv\/produkt\/beslag-med-u-profil-dubbel\/\"]}]},{\"@type\":\"ImageObject\",\"inLanguage\":\"sv-SE\",\"@id\":\"https:\/\/ofabskara.se\/sv\/produkt\/beslag-med-u-profil-dubbel\/#primaryimage\",\"url\":\"https:\/\/ofabskara.se\/wp-content\/uploads\/2023\/09\/341212.jpg\",\"contentUrl\":\"https:\/\/ofabskara.se\/wp-content\/uploads\/2023\/09\/341212.jpg\",\"width\":500,\"height\":500},{\"@type\":\"BreadcrumbList\",\"@id\":\"https:\/\/ofabskara.se\/sv\/produkt\/beslag-med-u-profil-dubbel\/#breadcrumb\",\"itemListElement\":[{\"@type\":\"ListItem\",\"position\":1,\"name\":\"Home\",\"item\":\"https:\/\/ofabskara.se\/sv\/\"},{\"@type\":\"ListItem\",\"position\":2,\"name\":\"Butik\",\"item\":\"https:\/\/ofabskara.se\/sv\/butik\/\"},{\"@type\":\"ListItem\",\"position\":3,\"name\":\"Beslag U-profil dubbelt\"}]},{\"@type\":\"WebSite\",\"@id\":\"https:\/\/ofabskara.se\/sv\/#website\",\"url\":\"https:\/\/ofabskara.se\/sv\/\",\"name\":\"Ofab\",\"description\":\"\",\"potentialAction\":[{\"@type\":\"SearchAction\",\"target\":{\"@type\":\"EntryPoint\",\"urlTemplate\":\"https:\/\/ofabskara.se\/sv\/?s={search_term_string}\"},\"query-input\":{\"@type\":\"PropertyValueSpecification\",\"valueRequired\":true,\"valueName\":\"search_term_string\"}}],\"inLanguage\":\"sv-SE\"}]}<\/script>\n<!-- \/ Yoast SEO plugin. -->","yoast_head_json":{"title":"Beslag U-profil dubbelt - Ofab","robots":{"index":"index","follow":"follow","max-snippet":"max-snippet:-1","max-image-preview":"max-image-preview:large","max-video-preview":"max-video-preview:-1"},"canonical":"https:\/\/ofabskara.se\/sv\/produkt\/beslag-med-u-profil-dubbel\/","og_locale":"sv_SE","og_type":"article","og_title":"Beslag U-profil dubbelt - Ofab","og_description":"Beslag med U-Profil. H\u00f6jd 35cm, inv\u00e4ndigt 50mm. \u00d8102mm dubbelt, vikt 4,7kg.","og_url":"https:\/\/ofabskara.se\/sv\/produkt\/beslag-med-u-profil-dubbel\/","og_site_name":"Ofab","article_modified_time":"2026-04-27T14:00:23+00:00","og_image":[{"width":500,"height":500,"url":"https:\/\/ofabskara.se\/wp-content\/uploads\/2023\/09\/341212.jpg","type":"image\/jpeg"}],"twitter_card":"summary_large_image","schema":{"@context":"https:\/\/schema.org","@graph":[{"@type":"WebPage","@id":"https:\/\/ofabskara.se\/sv\/produkt\/beslag-med-u-profil-dubbel\/","url":"https:\/\/ofabskara.se\/sv\/produkt\/beslag-med-u-profil-dubbel\/","name":"Beslag U-profil dubbelt - Ofab","isPartOf":{"@id":"https:\/\/ofabskara.se\/sv\/#website"},"primaryImageOfPage":{"@id":"https:\/\/ofabskara.se\/sv\/produkt\/beslag-med-u-profil-dubbel\/#primaryimage"},"image":{"@id":"https:\/\/ofabskara.se\/sv\/produkt\/beslag-med-u-profil-dubbel\/#primaryimage"},"thumbnailUrl":"https:\/\/ofabskara.se\/wp-content\/uploads\/2023\/09\/341212.jpg","datePublished":"2017-05-16T06:49:14+00:00","dateModified":"2026-04-27T14:00:23+00:00","breadcrumb":{"@id":"https:\/\/ofabskara.se\/sv\/produkt\/beslag-med-u-profil-dubbel\/#breadcrumb"},"inLanguage":"sv-SE","potentialAction":[{"@type":"ReadAction","target":["https:\/\/ofabskara.se\/sv\/produkt\/beslag-med-u-profil-dubbel\/"]}]},{"@type":"ImageObject","inLanguage":"sv-SE","@id":"https:\/\/ofabskara.se\/sv\/produkt\/beslag-med-u-profil-dubbel\/#primaryimage","url":"https:\/\/ofabskara.se\/wp-content\/uploads\/2023\/09\/341212.jpg","contentUrl":"https:\/\/ofabskara.se\/wp-content\/uploads\/2023\/09\/341212.jpg","width":500,"height":500},{"@type":"BreadcrumbList","@id":"https:\/\/ofabskara.se\/sv\/produkt\/beslag-med-u-profil-dubbel\/#breadcrumb","itemListElement":[{"@type":"ListItem","position":1,"name":"Home","item":"https:\/\/ofabskara.se\/sv\/"},{"@type":"ListItem","position":2,"name":"Butik","item":"https:\/\/ofabskara.se\/sv\/butik\/"},{"@type":"ListItem","position":3,"name":"Beslag U-profil dubbelt"}]},{"@type":"WebSite","@id":"https:\/\/ofabskara.se\/sv\/#website","url":"https:\/\/ofabskara.se\/sv\/","name":"Ofab","description":"","potentialAction":[{"@type":"SearchAction","target":{"@type":"EntryPoint","urlTemplate":"https:\/\/ofabskara.se\/sv\/?s={search_term_string}"},"query-input":{"@type":"PropertyValueSpecification","valueRequired":true,"valueName":"search_term_string"}}],"inLanguage":"sv-SE"}]}},"_links":{"self":[{"href":"https:\/\/ofabskara.se\/sv\/wp-json\/wp\/v2\/product\/2170","targetHints":{"allow":["GET"]}}],"collection":[{"href":"https:\/\/ofabskara.se\/sv\/wp-json\/wp\/v2\/product"}],"about":[{"href":"https:\/\/ofabskara.se\/sv\/wp-json\/wp\/v2\/types\/product"}],"replies":[{"embeddable":true,"href":"https:\/\/ofabskara.se\/sv\/wp-json\/wp\/v2\/comments?post=2170"}],"wp:featuredmedia":[{"embeddable":true,"href":"https:\/\/ofabskara.se\/sv\/wp-json\/wp\/v2\/media\/2171"}],"wp:attachment":[{"href":"https:\/\/ofabskara.se\/sv\/wp-json\/wp\/v2\/media?parent=2170"}],"wp:term":[{"taxonomy":"product_brand","embeddable":true,"href":"https:\/\/ofabskara.se\/sv\/wp-json\/wp\/v2\/product_brand?post=2170"},{"taxonomy":"product_cat","embeddable":true,"href":"https:\/\/ofabskara.se\/sv\/wp-json\/wp\/v2\/product_cat?post=2170"},{"taxonomy":"product_tag","embeddable":true,"href":"https:\/\/ofabskara.se\/sv\/wp-json\/wp\/v2\/product_tag?post=2170"}],"curies":[{"name":"wp","href":"https:\/\/api.w.org\/{rel}","templated":true}]}}

<p>Beslag med U-Profil. Höjd 35cm, invändigt 50mm. Ø102mm dubbelt, vikt 4,7kg.</p>

<!-- This site is optimized with the Yoast SEO plugin v24.4 - https://yoast.com/wordpress/plugins/seo/ -->
<title>Beslag U-profil dubbelt - Ofab</title>
<meta name="robots" content="index, follow, max-snippet:-1, max-image-preview:large, max-video-preview:-1" />
<link rel="canonical" href="https://ofabskara.se/sv/produkt/beslag-med-u-profil-dubbel/" />
<meta property="og:locale" content="sv_SE" />
<meta property="og:type" content="article" />
<meta property="og:title" content="Beslag U-profil dubbelt - Ofab" />
<meta property="og:description" content="Beslag med U-Profil. Höjd 35cm, invändigt 50mm. Ø102mm dubbelt, vikt 4,7kg." />
<meta property="og:url" content="https://ofabskara.se/sv/produkt/beslag-med-u-profil-dubbel/" />
<meta property="og:site_name" content="Ofab" />
<meta property="article:modified_time" content="2026-04-27T14:00:23+00:00" />
<meta property="og:image" content="https://ofabskara.se/wp-content/uploads/2023/09/341212.jpg" />
	<meta property="og:image:width" content="500" />
	<meta property="og:image:height" content="500" />
	<meta property="og:image:type" content="image/jpeg" />
<meta name="twitter:card" content="summary_large_image" />
<script type="application/ld+json" class="yoast-schema-graph">{"@context":"https://schema.org","@graph":[{"@type":"WebPage","@id":"https://ofabskara.se/sv/produkt/beslag-med-u-profil-dubbel/","url":"https://ofabskara.se/sv/produkt/beslag-med-u-profil-dubbel/","name":"Beslag U-profil dubbelt - Ofab","isPartOf":{"@id":"https://ofabskara.se/sv/#website"},"primaryImageOfPage":{"@id":"https://ofabskara.se/sv/produkt/beslag-med-u-profil-dubbel/#primaryimage"},"image":{"@id":"https://ofabskara.se/sv/produkt/beslag-med-u-profil-dubbel/#primaryimage"},"thumbnailUrl":"https://ofabskara.se/wp-content/uploads/2023/09/341212.jpg","datePublished":"2017-05-16T06:49:14+00:00","dateModified":"2026-04-27T14:00:23+00:00","breadcrumb":{"@id":"https://ofabskara.se/sv/produkt/beslag-med-u-profil-dubbel/#breadcrumb"},"inLanguage":"sv-SE","potentialAction":[{"@type":"ReadAction","target":["https://ofabskara.se/sv/produkt/beslag-med-u-profil-dubbel/"]}]},{"@type":"ImageObject","inLanguage":"sv-SE","@id":"https://ofabskara.se/sv/produkt/beslag-med-u-profil-dubbel/#primaryimage","url":"https://ofabskara.se/wp-content/uploads/2023/09/341212.jpg","contentUrl":"https://ofabskara.se/wp-content/uploads/2023/09/341212.jpg","width":500,"height":500},{"@type":"BreadcrumbList","@id":"https://ofabskara.se/sv/produkt/beslag-med-u-profil-dubbel/#breadcrumb","itemListElement":[{"@type":"ListItem","position":1,"name":"Home","item":"https://ofabskara.se/sv/"},{"@type":"ListItem","position":2,"name":"Butik","item":"https://ofabskara.se/sv/butik/"},{"@type":"ListItem","position":3,"name":"Beslag U-profil dubbelt"}]},{"@type":"WebSite","@id":"https://ofabskara.se/sv/#website","url":"https://ofabskara.se/sv/","name":"Ofab","description":"","potentialAction":[{"@type":"SearchAction","target":{"@type":"EntryPoint","urlTemplate":"https://ofabskara.se/sv/?s={search_term_string}"},"query-input":{"@type":"PropertyValueSpecification","valueRequired":true,"valueName":"search_term_string"}}],"inLanguage":"sv-SE"}]}</script>
<!-- / Yoast SEO plugin. -->

Beslag med U-Profil. Höjd 35cm, invändigt 50mm. Ø102mm dubbelt, vikt 4,7kg.
